 the prime factors of v?
3, 61
Let w(d) = 200*d**2. Let g(j) = -21*j + 45. Let n be g(2). What are the prime factors of w(n)?
2, 3, 5
Let s(j) = -j**3 + 17*j**2 - 10*j - 94. Let t be s(16). Suppose 1180 = t*h + 37*y - 38*y, 3*h + y = 1780. List the prime factors of h.
2, 37
Suppose 3*c + 3252 = -3285. Let v be c/(-4) + (-3)/(-12). Suppose v = 5*u - 640. List the prime factors of u.
3, 79
Let z = -63 + -21. Let g be 18676/z - (-1)/(2 + 1). Let p = g - -320. What are the prime factors of p?
2, 7
Suppose 4*l - 52 = -4*m, 0 = 3*m - 3*l - 9 - 6. Suppose 31*t - 28*t = m. What are the prime factors of 68/t*18/12?
2, 17
Let s = 8428 + -4898. List the prime factors of s.
2, 5, 353
Let l = 66 + -63. Let d = -12 - -17. What are the prime factors of 1/d - -634*l/15?
127
Let j(f) = 2*f**3 + 13*f**2 + 7*f + 15. Let y be j(-6). What are the prime factors of (-3)/y*-6 + 2 + 98?
2, 3, 17
Suppose 9*l = -3*l + 96. Suppose l*d - 638 = -62. List the prime factors of d.
2, 3
Let t be (2/(-2))/(3/(-360)*3). Let w be (1312/t)/((-4)/(-10)). Suppose 2*p - w = -4*b, -4*p - b - 12 = -190. What are the prime factors of p?
3, 5
Suppose 0 = 4*z + 5*p - 238884, z + 46*p = 44*p + 59724. What are the prime factors of z?
2, 14929
Let k(v) = 147*v - 64. Let w be k(11). Suppose -w = 5*r - 4298. List the prime factors of r.
3, 61
Let s(x) = -32*x**2 - 2*x - 14. Let p be s(5). Let d = 427 + p. Let r = d + 591. What are the prime factors of r?
2, 97
Let q = -791 - -3359. What are the prime factors of q?
2, 3, 107
Suppose k = -4*l + 3298, 3*l + 3*k - 1420 = 1049. Suppose -l = 4*j - 2105. List the prime factors of j.
2, 5
Let f(k) = 376*k - 748. What are the prime factors of f(51)?
2, 17, 271
Suppose 165*q - 184*q = -3196 - 437186. What are the prime factors of q?
2, 3, 3863
Let s(i) = 13*i + 4. Let h be s(1). Let b(d) = -d + 35. Let o be b(17). Suppose -42 = h*a - o*a. List the prime factors of a.
2, 3, 7
List the prime factors of ((-12)/36)/(1/(-16197)).
5399
Let i(p) = 77*p**2 - 53*p + 4. What are the prime factors of i(6)?
2, 1229
Let g be 0*(((-105)/(-12) - 4) + -5). Suppose g = -2*l - 3 + 1, l - 2135 = -4*p. List the prime factors of p.
2, 3, 89
Let a(d) = -509*d + 549. What are the prime factors of a(-39)?
2, 3, 5, 17
Suppose h = -3*k + 728, 0 = -5*h - 0*k - k + 3584. Let n = h + -448. List the prime factors of n.
2, 67
Let u(l) = -l**3 + 33*l**2 - 36*l + 525. What are the prime factors of u(31)?
11
Let w(t) = 3*t + 36. Let j be (6 - 0)*10/(-5). Let x be w(j). Suppose x = 5*u + u - 144. List the prime factors of u.
2, 3
Suppose 31 = 17*h - 20. Suppose -2*x - 388 = -3*x + 2*a, 0 = h*x + 3*a - 1173. List the prime factors of x.
2, 3, 5, 13
Suppose 0 = -2*t - 53 - 195. Let r = t + 177. Suppose 5*q + r = -2*p + 441, 4*p - 740 = -q. List the prime factors of p.
2, 23
Let o = 132 - 89. Let l = -3794 + 3797. Suppose l*r = 35 + o. What are the prime factors of r?
2, 13
Suppose 66548 = 5*l - i - 34725, 2*i = -3*l + 60782. List the prime factors of l.
2, 3, 211
Let a = 55 + 24. Let g = 69 + a. List the prime factors of g.
2, 37
Suppose 20 = 196*l - 191*l. Let s = -40 - -70. What are the prime factors of 2/(3*l/s)?
5
Let z be 4*(2 + (-1 - 0/3)). Suppose 13*d - 10*d - 1206 = 0. Suppose d = z*p - 130. List the prime factors of p.
7, 19
Let p = -32456 - -45576. List the prime factors of p.
2, 5, 41
Suppose 0*v + 4*g = 4*v + 52, -5*g - 43 = 4*v. List the prime factors of 6/39 - 1280*v/39.
2, 197
List the prime factors of (-117336)/90*((-5)/2 + 1)*25.
2, 5, 4889
Let i = -138180 + 214011. List the prime factors of i.
3, 7, 23, 157
Let k be 20/5*1/((-16)/52). List the prime factors of (834/9)/(k/(-78)).
2, 139
Let w(q) = q**3 + 76*q**2 + 613*q - 80. What are the prime factors of w(-61)?
2, 3, 1019
Let y(v) = -48*v**2 - 7*v - 9. Let z(t) = 47*t**2 + 7*t + 6. Let h(j) = 2*y(j) + 3*z(j). What are the prime factors of h(3)?
2, 3, 71
Suppose -5*q - 3*f = -106907, -15*q - 2*f = -10*q - 106903. List the prime factors of q.
21379
Suppose -20*v + 34*v - 29818 = -2*u, 0 = 2*u + 2*v - 29746. List the prime factors of u.
14867
Let p = -439 - -437. Suppose -3*a + 246 = -3*j, -5*j - 4*a + 5*a = 414. Let d = p - j. List the prime factors of d.
3
Let b = 49474 - 23589. What are the prime factors of b?
5, 31, 167
Let b(z) = 2*z + 6. Let o be b(-17). Let q be (o/70)/(2/(-10)). Suppose g = 2*g + 1, -q*r = -3*g - 53. What are the prime factors of r?
5
Suppose -2*k = 5*f + 358, -3*k - 11*f = -7*f + 537. Let u = 1102 - k. What are the prime factors of u?
3, 7, 61
Let d(m) = 606*m + 4305. List the prime factors of d(33).
3, 8101
Suppose 24*x + 10 = 25*x. What are the prime factors of 4/x - 5/((-75)/5304)?
2, 3, 59
Suppose 2*x = -5*b + 23886, -73*x = -70*x + 3*b - 35829. What are the prime factors of x?
3, 1327
Let j = 55 - 52. Suppose -j*a = -4*k - 32, 3*a + 2*k = 2 - 0. What are the prime factors of 17/((-5)/a*6/(-45))?
2, 3, 17
Let b(y) be the first derivative of 20*y**2 - 3*y - 31. Let z be b(-5). Let p = -73 - z. List the prime factors of p.
2, 5, 13
Let b(y) = 29*y**2 - 38*y - 8. Let d be 1/(2/(-5))*420/175. What are the prime factors of b(d)?
2, 79
Let x be 10/2 - (3 + -1). Let f be (7/x)/((-2)/(-6)). Suppose 0 = 2*j + f*j - 954. What are the prime factors of j?
2, 53
What are the prime factors of -211*(1005 - 30)*(0 + 2/(-6))?
5, 13, 211
Suppose -3*f = 173 + 19. Let j = f + 38. List the prime factors of 4768/104 + (-4)/j.
2, 23
Suppose 2*q = -3*r - 1291, -5*q + 299 - 1167 = 2*r. Let w = -284 - r. List the prime factors of w.
5, 29
Suppose 34*t + 10 = 35*t. Let m(n) = -n**2 + 14*n - 3. Let d be m(t). Let q = d - -8. What are the prime factors of q?
3, 5
Let p(q) = 35 - 1127*q**3 + 563*q**3 - q + 565*q**3 - 2*q**2. List the prime factors of p(0).
5, 7
Let u(o) = -o**2 - 6*o - 4. Let w be u(-6). Suppose -2*s = -121 + 199. What are the prime factors of s/w - (-3)/(-4)?
3
What are the prime factors of (5865/115)/(2/300 + 0)?
2, 3, 5, 17
Let m = 121 + -119. Suppose m*c + 187 = 3*v, 2*c = -v - 2*c + 39. What are the prime factors of v?
59
Let p(k) = 3139*k - 1278. List the prime factors of p(6).
2, 3, 7, 11, 19
Let m(d) = -d**3 - 24*d**2 + 338*d + 110. List the prime factors of m(-48).
2, 11, 13, 137
Let m = -73922 - -124505. List the prime factors of m.
3, 13, 1297
Let a(m) = -3*m - 37. Let d be a(-14). Suppose -221 = 4*i + 2*p - 807, -d*i = 5*p - 725. What are the prime factors of i?
2, 37
Suppose 46343 = 9*f + 16115 - 23025. List the prime factors of f.
61, 97
Let d(m) = -21*m + 10. Let s be 15 + (-6)/(-27) + (-7)/(-9). Suppose 4*a - 3*x + 1 = 0, 0*a = a - 4*x - s. What are the prime factors of d(a)?
2, 47
Let m(f) = -3524*f - 1684. What are the prime factors of m(-14)?
2, 3, 11, 19
Suppose i + 2*a - 8 = -14, 4*i - 4*a = 24. Suppose -i*x = -10, -2299 = -3*n + n - 7*x. What are the prime factors of n?
2, 283
Let n be 5 + 2 + -4 + 113. Suppose n = -q + 5*q. Suppose -2*m - h = -91, -q = 4*m - h - 226. List the prime factors of m.
2, 3
Let q be 1/(-2)*12 + 5. List the prime factors of 6 - -25 - (q - 4).
2, 3
Let u(w) = 100*w**2 - 43*w - 280. List the prime factors of u(-11).
19, 647
Suppose 54*r = 169*r - 87*r - 499268. List the prime factors of r.
11, 1621
Let j(h) = -h**2 + 42*h + 8. Let r be j(22). Suppose -r*p + 450*p = 812. List the prime factors of p.
2, 7, 29
Let u(z) = -z**3 + 16*z**2 + 109*z + 3571. What are the prime factors of u(-25)?
103, 257
Let m(y) = -5*y**2 + 13*y - 6. Let f(n) = -11*n**2 + 27*n - 12. Let v(i) = -6*f(i) + 13*m(i). Let c be v(-13). Let j = c + -6. List the prime factors of j.
2, 3, 11
Let u(y) = -14*y - 138. Let t be u(-10). Let s(z) be the third derivative of 7*z**6/120 + z**5/20 + z**4/24 + z**3/3 - z**2. What are the prime factors of s(t)?
2, 3
Suppose 36327 = 3*f - 3*n, 2*f + 115*n - 24253 = 110*n. List the prime factors of f.
2, 3, 673
Let p be (((-16)/(-6))/4)/(1/1014). Suppose -2*w = -5*r + p, 3*r - 661 = -2*r - 3*w. Let g = r - 45. List the prime factors of g.
89
Suppose -8 = 4*n + 8. Suppose -3*t + 224 = 2*j - 33, -5*t + 6*j = -447. List the prime factors of (n/(-4))/(2/8) + t.
7, 13
Let w be (-184)/(-6) - ((-207)/(-27) - 7). What are the prime factors of (-4)/2*(-45)/w*587?
3, 587
Let i(a) = a**2 + 8*a - 7. Let r = 29 - 38. Let w be i(r). Suppose 4*l + o - 320 = -2*o, 0 = 